{"id":2820,"date":"2019-09-23T10:44:37","date_gmt":"2019-09-23T08:44:37","guid":{"rendered":"https:\/\/old.mnw.org.pl\/?post_type=library&#038;p=2820"},"modified":"2019-09-23T10:55:54","modified_gmt":"2019-09-23T08:55:54","slug":"plakat-prawa-osob-lgbt-w-ue","status":"publish","type":"library","link":"https:\/\/old.mnw.org.pl\/wp\/biblioteczka\/plakat-prawa-osob-lgbt-w-ue\/","title":{"rendered":"Plakat: Prawa os\u00f3b LGBT w Unii Europejskiej"},"content":{"rendered":"<p>W czytelny spos\u00f3b prezentujemy, jak (bardzo \u017ale) na tle innych pa\u0144stw Unii Europejskiej wygl\u0105da sytuacja os\u00f3b LGBT w Polsce. Zestawienie opracowa\u0142y\u015bmy na podstawie <a href=\"https:\/\/www.rainbow-europe.org\/\" target=\"_blank\" rel=\"noopener\">raportu ILGA &#8220;Rainbow Index 2019&#8221;<\/a>.<\/p>\n<p>Plakat to \u015bwietny materia\u0142 edukacyjny i pretekst do rozm\u00f3w. Mo\u017cesz wydrukowa\u0107 go w dowolnym formacie &#8211; za\u0142\u0105czamy plik w wektorach.<\/p>\n<p>&nbsp;<\/p>\n<p>&nbsp;<\/p>\n<p>&nbsp;<\/p>\n","protected":false},"excerpt":{"rendered":"<p>Pobierz i wydrukuj zestawienie praw, kt\u00f3re maj\u0105 (lub nie) osoby LGBT we wszystkich pa\u0144stwach Unii Europejskiej. <\/p>\n","protected":false},"featured_media":2822,"parent":0,"template":"","topic":[34,27,30],"_links":{"self":[{"href":"https:\/\/old.mnw.org.pl\/wp\/wp-json\/wp\/v2\/library\/2820"}],"collection":[{"href":"https:\/\/old.mnw.org.pl\/wp\/wp-json\/wp\/v2\/library"}],"about":[{"href":"https:\/\/old.mnw.org.pl\/wp\/wp-json\/wp\/v2\/types\/library"}],"wp:featuredmedia":[{"embeddable":true,"href":"https:\/\/old.mnw.org.pl\/wp\/wp-json\/wp\/v2\/media\/2822"}],"wp:attachment":[{"href":"https:\/\/old.mnw.org.pl\/wp\/wp-json\/wp\/v2\/media?parent=2820"}],"wp:term":[{"taxonomy":"topic","embeddable":true,"href":"https:\/\/old.mnw.org.pl\/wp\/wp-json\/wp\/v2\/topic?post=2820"}],"curies":[{"name":"wp","href":"https:\/\/api.w.org\/{rel}","templated":true}]}}

Plakat: Prawa osób LGBT w Unii Europejskiej

<p>W czytelny sposób prezentujemy, jak (bardzo źle) na tle innych państw Unii Europejskiej wygląda sytuacja osób LGBT w Polsce. Zestawienie opracowałyśmy na podstawie <a href="https://www.rainbow-europe.org/" target="_blank" rel="noopener">raportu ILGA &#8220;Rainbow Index 2019&#8221;</a>.</p>
<p>Plakat to świetny materiał edukacyjny i pretekst do rozmów. Możesz wydrukować go w dowolnym formacie &#8211; załączamy plik w wektorach.</p>
<p>&nbsp;</p>
<p>&nbsp;</p>
<p>&nbsp;</p>

<p>Pobierz i wydrukuj zestawienie praw, które mają (lub nie) osoby LGBT we wszystkich państwach Unii Europejskiej. </p>
